{"id":1043,"date":"2019-05-08T11:20:49","date_gmt":"2019-05-08T09:20:49","guid":{"rendered":"https:\/\/www.latelierdemichel.com\/?post_type=product&#038;p=1043"},"modified":"2024-07-24T08:45:04","modified_gmt":"2024-07-24T06:45:04","slug":"planche-pour-thermomix-tm5-et-tm6-personnalisable","status":"publish","type":"product","link":"https:\/\/www.latelierdemichel.com\/index.php\/produit\/planche-pour-thermomix-tm5-et-tm6-personnalisable\/","title":{"rendered":"Planche pour Thermomix TM5 et TM6 personnalisable"},"content":{"rendered":"<p><a href=\"https:\/\/www.latelierdemichel.com\/index.php\/delai-de-fabrication-expedition-et-livraison\/\" target=\"_blank\" rel=\"noopener\">https:\/\/www.latelierdemichel.com\/index.php\/delai-de-fabrication-expedition-et-livraison\/<\/a> La planche support pour Thermomix TM5 et TM6 vous permet d&rsquo;accueillir votre robot. Les tampons en silicone sous la planche lui conf\u00e8re une tr\u00e8s bonne adh\u00e9rence pour plus de s\u00e9curit\u00e9 notamment lors de fonction comme le p\u00e9trissage .Les deux patins en ABS sous la planche vous permettrons un d\u00e9placement plus facile de votre Thermomix sans endommag\u00e9 la balance. Depuis le 1er janvier 2021 la gravure est remplac\u00e9e par de la peinture.<\/p>\n","protected":false},"excerpt":{"rendered":"<p><a href=\"https:\/\/www.latelierdemichel.com\/index.php\/delai-de-fabrication-expedition-et-livraison\/\" target=\"_blank\" rel=\"noopener\">https:\/\/www.latelierdemichel.com\/index.php\/delai-de-fabrication-expedition-et-livraison\/<\/a><\/p>\n","protected":false},"featured_media":1044,"template":"","meta":{"_et_pb_use_builder":"off","_et_pb_old_content":"<a href=\"https:\/\/www.latelierdemichel.com\/index.php\/delai-de-fabrication-expedition-et-livraison\/\" target=\"_blank\" rel=\"noopener\">https:\/\/www.latelierdemichel.com\/index.php\/delai-de-fabrication-expedition-et-livraison\/<\/a>\r\n\r\nLa planche support pour Thermomix TM5 et TM6 vous permet d'accueillir votre robot. Les tampons en silicone sous la planche lui conf\u00e8re une tr\u00e8s bonne adh\u00e9rence pour plus de s\u00e9curit\u00e9 notamment lors de fonction comme le p\u00e9trissage .Les deux patins en ABS sous la planche vous permettrons un d\u00e9placement plus facile de votre Thermomix sans endommag\u00e9 la balance. Depuis le 1er janvier 2021 la gravure est remplac\u00e9e par l'encre UV de couleur dor\u00e9e.\r\n\r\n\u00a0","_et_gb_content_width":"","_monsterinsights_skip_tracking":false,"_monsterinsights_sitenote_active":false,"_monsterinsights_sitenote_note":"","_monsterinsights_sitenote_category":0},"product_brand":[],"product_cat":[28],"product_tag":[],"class_list":{"0":"post-1043","1":"product","2":"type-product","3":"status-publish","4":"has-post-thumbnail","6":"product_cat-thermomix-tm5","7":"wcpa_has_options","9":"first","10":"outofstock","11":"shipping-taxable","12":"purchasable","13":"product-type-simple"},"yoast_head":"<!-- This site is optimized with the Yoast SEO plugin v27.0 - https:\/\/yoast.com\/product\/yoast-seo-wordpress\/ -->\n<title>Planche pour Thermomix TM5 et TM6 personnalisable - l&#039;atelier de michel<\/title>\n<meta name=\"description\" content=\"La planche support pour Thermomix TM5 et TM6 vous permet d&#039;accueillir votre robot. Les bandes sous la planche qui lui conf\u00e8re une tr\u00e8s bonne adh\u00e9rence pour plus de s\u00e9curit\u00e9 notamment lors de fonction comme le p\u00e9trissage par exemple.\" \/>\n<meta name=\"robots\" content=\"index, follow, max-snippet:-1, max-image-preview:large, max-video-preview:-1\" \/>\n<link rel=\"canonical\" href=\"https:\/\/www.latelierdemichel.com\/index.php\/produit\/planche-pour-thermomix-tm5-et-tm6-personnalisable\/\" \/>\n<meta property=\"og:locale\" content=\"fr_FR\" \/>\n<meta property=\"og:type\" content=\"article\" \/>\n<meta property=\"og:title\" content=\"Planche pour Thermomix TM5 et TM6 personnalisable - l&#039;atelier de michel\" \/>\n<meta property=\"og:description\" content=\"La planche support pour Thermomix TM5 et TM6 vous permet d&#039;accueillir votre robot. Les bandes sous la planche qui lui conf\u00e8re une tr\u00e8s bonne adh\u00e9rence pour plus de s\u00e9curit\u00e9 notamment lors de fonction comme le p\u00e9trissage par exemple.\" \/>\n<meta property=\"og:url\" content=\"https:\/\/www.latelierdemichel.com\/index.php\/produit\/planche-pour-thermomix-tm5-et-tm6-personnalisable\/\" \/>\n<meta property=\"og:site_name\" content=\"l&#039;atelier de michel\" \/>\n<meta property=\"article:publisher\" content=\"https:\/\/www.facebook.com\/ponchel.emmanuel.menuiserie\/\" \/>\n<meta property=\"article:modified_time\" content=\"2024-07-24T06:45:04+00:00\" \/>\n<meta property=\"og:image\" content=\"https:\/\/www.latelierdemichel.com\/wp-content\/uploads\/2019\/05\/rouge.jpg\" \/>\n\t<meta property=\"og:image:width\" content=\"945\" \/>\n\t<meta property=\"og:image:height\" content=\"1226\" \/>\n\t<meta property=\"og:image:type\" content=\"image\/jpeg\" \/>\n<meta name=\"twitter:card\" content=\"summary_large_image\" \/>\n<meta name=\"twitter:label1\" content=\"Dur\u00e9e de lecture estim\u00e9e\" \/>\n\t<meta name=\"twitter:data1\" content=\"1 minute\" \/>\n<script type=\"application\/ld+json\" class=\"yoast-schema-graph\">{\"@context\":\"https:\/\/schema.org\",\"@graph\":[{\"@type\":\"WebPage\",\"@id\":\"https:\/\/www.latelierdemichel.com\/index.php\/produit\/planche-pour-thermomix-tm5-et-tm6-personnalisable\/\",\"url\":\"https:\/\/www.latelierdemichel.com\/index.php\/produit\/planche-pour-thermomix-tm5-et-tm6-personnalisable\/\",\"name\":\"Planche pour Thermomix TM5 et TM6 personnalisable - l&#039;atelier de michel\",\"isPartOf\":{\"@id\":\"https:\/\/www.latelierdemichel.com\/#website\"},\"primaryImageOfPage\":{\"@id\":\"https:\/\/www.latelierdemichel.com\/index.php\/produit\/planche-pour-thermomix-tm5-et-tm6-personnalisable\/#primaryimage\"},\"image\":{\"@id\":\"https:\/\/www.latelierdemichel.com\/index.php\/produit\/planche-pour-thermomix-tm5-et-tm6-personnalisable\/#primaryimage\"},\"thumbnailUrl\":\"https:\/\/www.latelierdemichel.com\/wp-content\/uploads\/2019\/05\/rouge.jpg\",\"datePublished\":\"2019-05-08T09:20:49+00:00\",\"dateModified\":\"2024-07-24T06:45:04+00:00\",\"description\":\"La planche support pour Thermomix TM5 et TM6 vous permet d'accueillir votre robot. Les bandes sous la planche qui lui conf\u00e8re une tr\u00e8s bonne adh\u00e9rence pour plus de s\u00e9curit\u00e9 notamment lors de fonction comme le p\u00e9trissage par exemple.\",\"breadcrumb\":{\"@id\":\"https:\/\/www.latelierdemichel.com\/index.php\/produit\/planche-pour-thermomix-tm5-et-tm6-personnalisable\/#breadcrumb\"},\"inLanguage\":\"fr-FR\",\"potentialAction\":[{\"@type\":\"ReadAction\",\"target\":[\"https:\/\/www.latelierdemichel.com\/index.php\/produit\/planche-pour-thermomix-tm5-et-tm6-personnalisable\/\"]}]},{\"@type\":\"ImageObject\",\"inLanguage\":\"fr-FR\",\"@id\":\"https:\/\/www.latelierdemichel.com\/index.php\/produit\/planche-pour-thermomix-tm5-et-tm6-personnalisable\/#primaryimage\",\"url\":\"https:\/\/www.latelierdemichel.com\/wp-content\/uploads\/2019\/05\/rouge.jpg\",\"contentUrl\":\"https:\/\/www.latelierdemichel.com\/wp-content\/uploads\/2019\/05\/rouge.jpg\",\"width\":945,\"height\":1226,\"caption\":\"Planche pour thermomix tm5 et tm6 personnalisable\"},{\"@type\":\"BreadcrumbList\",\"@id\":\"https:\/\/www.latelierdemichel.com\/index.php\/produit\/planche-pour-thermomix-tm5-et-tm6-personnalisable\/#breadcrumb\",\"itemListElement\":[{\"@type\":\"ListItem\",\"position\":1,\"name\":\"Accueil\",\"item\":\"https:\/\/www.latelierdemichel.com\/\"},{\"@type\":\"ListItem\",\"position\":2,\"name\":\"Boutique\",\"item\":\"https:\/\/www.latelierdemichel.com\/index.php\/boutique\/\"},{\"@type\":\"ListItem\",\"position\":3,\"name\":\"Planche pour Thermomix TM5 et TM6 personnalisable\"}]},{\"@type\":\"WebSite\",\"@id\":\"https:\/\/www.latelierdemichel.com\/#website\",\"url\":\"https:\/\/www.latelierdemichel.com\/\",\"name\":\"l&#039;atelier de michel\",\"description\":\"\",\"potentialAction\":[{\"@type\":\"SearchAction\",\"target\":{\"@type\":\"EntryPoint\",\"urlTemplate\":\"https:\/\/www.latelierdemichel.com\/?s={search_term_string}\"},\"query-input\":{\"@type\":\"PropertyValueSpecification\",\"valueRequired\":true,\"valueName\":\"search_term_string\"}}],\"inLanguage\":\"fr-FR\"}]}<\/script>\n<!-- \/ Yoast SEO plugin. -->","yoast_head_json":{"title":"Planche pour Thermomix TM5 et TM6 personnalisable - l&#039;atelier de michel","description":"La planche support pour Thermomix TM5 et TM6 vous permet d'accueillir votre robot. Les bandes sous la planche qui lui conf\u00e8re une tr\u00e8s bonne adh\u00e9rence pour plus de s\u00e9curit\u00e9 notamment lors de fonction comme le p\u00e9trissage par exemple.","robots":{"index":"index","follow":"follow","max-snippet":"max-snippet:-1","max-image-preview":"max-image-preview:large","max-video-preview":"max-video-preview:-1"},"canonical":"https:\/\/www.latelierdemichel.com\/index.php\/produit\/planche-pour-thermomix-tm5-et-tm6-personnalisable\/","og_locale":"fr_FR","og_type":"article","og_title":"Planche pour Thermomix TM5 et TM6 personnalisable - l&#039;atelier de michel","og_description":"La planche support pour Thermomix TM5 et TM6 vous permet d'accueillir votre robot. Les bandes sous la planche qui lui conf\u00e8re une tr\u00e8s bonne adh\u00e9rence pour plus de s\u00e9curit\u00e9 notamment lors de fonction comme le p\u00e9trissage par exemple.","og_url":"https:\/\/www.latelierdemichel.com\/index.php\/produit\/planche-pour-thermomix-tm5-et-tm6-personnalisable\/","og_site_name":"l&#039;atelier de michel","article_publisher":"https:\/\/www.facebook.com\/ponchel.emmanuel.menuiserie\/","article_modified_time":"2024-07-24T06:45:04+00:00","og_image":[{"width":945,"height":1226,"url":"https:\/\/www.latelierdemichel.com\/wp-content\/uploads\/2019\/05\/rouge.jpg","type":"image\/jpeg"}],"twitter_card":"summary_large_image","twitter_misc":{"Dur\u00e9e de lecture estim\u00e9e":"1 minute"},"schema":{"@context":"https:\/\/schema.org","@graph":[{"@type":"WebPage","@id":"https:\/\/www.latelierdemichel.com\/index.php\/produit\/planche-pour-thermomix-tm5-et-tm6-personnalisable\/","url":"https:\/\/www.latelierdemichel.com\/index.php\/produit\/planche-pour-thermomix-tm5-et-tm6-personnalisable\/","name":"Planche pour Thermomix TM5 et TM6 personnalisable - l&#039;atelier de michel","isPartOf":{"@id":"https:\/\/www.latelierdemichel.com\/#website"},"primaryImageOfPage":{"@id":"https:\/\/www.latelierdemichel.com\/index.php\/produit\/planche-pour-thermomix-tm5-et-tm6-personnalisable\/#primaryimage"},"image":{"@id":"https:\/\/www.latelierdemichel.com\/index.php\/produit\/planche-pour-thermomix-tm5-et-tm6-personnalisable\/#primaryimage"},"thumbnailUrl":"https:\/\/www.latelierdemichel.com\/wp-content\/uploads\/2019\/05\/rouge.jpg","datePublished":"2019-05-08T09:20:49+00:00","dateModified":"2024-07-24T06:45:04+00:00","description":"La planche support pour Thermomix TM5 et TM6 vous permet d'accueillir votre robot. Les bandes sous la planche qui lui conf\u00e8re une tr\u00e8s bonne adh\u00e9rence pour plus de s\u00e9curit\u00e9 notamment lors de fonction comme le p\u00e9trissage par exemple.","breadcrumb":{"@id":"https:\/\/www.latelierdemichel.com\/index.php\/produit\/planche-pour-thermomix-tm5-et-tm6-personnalisable\/#breadcrumb"},"inLanguage":"fr-FR","potentialAction":[{"@type":"ReadAction","target":["https:\/\/www.latelierdemichel.com\/index.php\/produit\/planche-pour-thermomix-tm5-et-tm6-personnalisable\/"]}]},{"@type":"ImageObject","inLanguage":"fr-FR","@id":"https:\/\/www.latelierdemichel.com\/index.php\/produit\/planche-pour-thermomix-tm5-et-tm6-personnalisable\/#primaryimage","url":"https:\/\/www.latelierdemichel.com\/wp-content\/uploads\/2019\/05\/rouge.jpg","contentUrl":"https:\/\/www.latelierdemichel.com\/wp-content\/uploads\/2019\/05\/rouge.jpg","width":945,"height":1226,"caption":"Planche pour thermomix tm5 et tm6 personnalisable"},{"@type":"BreadcrumbList","@id":"https:\/\/www.latelierdemichel.com\/index.php\/produit\/planche-pour-thermomix-tm5-et-tm6-personnalisable\/#breadcrumb","itemListElement":[{"@type":"ListItem","position":1,"name":"Accueil","item":"https:\/\/www.latelierdemichel.com\/"},{"@type":"ListItem","position":2,"name":"Boutique","item":"https:\/\/www.latelierdemichel.com\/index.php\/boutique\/"},{"@type":"ListItem","position":3,"name":"Planche pour Thermomix TM5 et TM6 personnalisable"}]},{"@type":"WebSite","@id":"https:\/\/www.latelierdemichel.com\/#website","url":"https:\/\/www.latelierdemichel.com\/","name":"l&#039;atelier de michel","description":"","potentialAction":[{"@type":"SearchAction","target":{"@type":"EntryPoint","urlTemplate":"https:\/\/www.latelierdemichel.com\/?s={search_term_string}"},"query-input":{"@type":"PropertyValueSpecification","valueRequired":true,"valueName":"search_term_string"}}],"inLanguage":"fr-FR"}]}},"jetpack_sharing_enabled":true,"wcpa_form_fields":{"wcpaData":{"product":{"product_price":64.99,"price_html":"<span class=\"woocommerce-Price-amount amount\"><bdi>64,99&nbsp;<span class=\"woocommerce-Price-currencySymbol\">&euro;<\/span><\/bdi><\/span>","original_product_price":64.99,"price_including_tax":64.99,"price_excluding_tax":64.99,"product_id":{"parent":1043,"variation":false},"is_variable":false,"stock_status":"outofstock","stock_quantity":null,"parent_sku":"","product_attributes":[],"custom_fields":[],"is_taxable":false,"product_name":"Planche pour Thermomix TM5 et TM6 personnalisable","hasImage":false},"fields":{"sec_969f5ac8fdb773":{"extra":{"key":"sec_969f5ac8fdb773","section_id":"sec_969f5ac8fdb773","name":"Default","status":1,"cl_rule":"show","enableCl":false,"relations":[],"toggle":true,"title_tag":"h3","show_title":false,"showPrice":"default","form_id":1050,"form_rules":{"exclude_from_discount":false,"fee_label":"Fee","disp_hide_options_price":false,"disp_show_section_price":false,"disp_show_field_price":true,"layout_option":"standard","pric_use_as_fee":false,"process_fee_as":"woo_fee"},"layout_option":"standard"},"fields":[[{"type":"text","elementId":"wcpa-text-1557306871131","label":"Veuillez entrer votre texte :","pricingType":"fixed","name":"text-1557306871131","subtype":"text","maxlength":"20","cl_rule":"show","col":6,"relations":false,"active":true,"tooltip":"","gt_translate_keys":["label","tooltip"],"price_dependency":false,"cl_dependency":false,"value":""}],[{"type":"select","required":true,"elementId":"wcpa-select-1615153575033","label":"Couleur de l'\u00e9criture","priceOptions":"different_for_all","pricingType":"fixed","name":"select-1615153575033","cl_rule":"show","col":6,"values":[{"label":"Dor\u00e9 (par d\u00e9faut)","value":"Dor\u00e9","price":"","pimage":"","pimage_id":"","pthumb":"","gt_translate_keys":["label"]},{"label":"Blanc","value":"Blanc","price":"","pimage":"","pimage_id":"","pthumb":"","gt_translate_keys":["label"]},{"label":"Noir","value":"Noir","price":"","pimage":"","pimage_id":"","pthumb":"","gt_translate_keys":["label"]},{"label":"Argent\u00e9","value":"Argent\u00e9","price":"","pimage":"","pimage_id":"","pthumb":"","gt_translate_keys":["label"]}],"relations":false,"active":true,"tooltip":"","gt_translate_keys":["label","tooltip"],"price_dependency":false,"cl_dependency":false,"value":""}],[{"type":"image-group","required":true,"label":"Choisissez la couleur de votre planche","elementId":"wcpa-image-group-1615152675566","inline":true,"enablePrice":true,"priceOptions":"different_for_all","pricingType":"fixed","disp_size_img":{"width":"100","height":""},"enable_popup":"all","name":"image-group-1615152675566","show_as_product_image":true,"disp_type":"square","img_selection_type":"outline","other_text":"Other","cl_rule":"show","col":6,"values":[{"label":"Noir","price":"0","image":"https:\/\/www.latelierdemichel.com\/wp-content\/uploads\/2021\/03\/Noir.jpg","image_id":"2628","thumb":"https:\/\/www.latelierdemichel.com\/wp-content\/uploads\/2021\/03\/Noir-150x150.jpg","value":"0","thumb_src":"https:\/\/www.latelierdemichel.com\/wp-content\/uploads\/2021\/03\/Noir-100x100.jpg","productImage":{"title":"Noir","caption":"","url":"https:\/\/www.latelierdemichel.com\/wp-content\/uploads\/2021\/03\/Noir.jpg","alt":"Noir","src":"https:\/\/www.latelierdemichel.com\/wp-content\/uploads\/2021\/03\/Noir-600x600.jpg","srcset":false,"sizes":"(min-width: 0px) and (max-width: 480px) 480px, (min-width: 481px) 600px, 100vw","full_src":"https:\/\/www.latelierdemichel.com\/wp-content\/uploads\/2021\/03\/Noir.jpg","full_src_w":1280,"full_src_h":1280,"gallery_thumbnail_src":"https:\/\/www.latelierdemichel.com\/wp-content\/uploads\/2021\/03\/Noir-100x100.jpg","gallery_thumbnail_src_w":100,"gallery_thumbnail_src_h":100,"thumb_src":"https:\/\/www.latelierdemichel.com\/wp-content\/uploads\/2021\/03\/Noir-300x300.jpg","thumb_src_w":300,"thumb_src_h":300,"src_w":600,"src_h":600,"image_id":"2628"},"gt_translate_keys":["label"]},{"label":"Blanc","price":"0","image":"https:\/\/www.latelierdemichel.com\/wp-content\/uploads\/2021\/03\/Blanc.jpg","image_id":"2629","thumb":"https:\/\/www.latelierdemichel.com\/wp-content\/uploads\/2021\/03\/Blanc-150x150.jpg","value":"1","thumb_src":"https:\/\/www.latelierdemichel.com\/wp-content\/uploads\/2021\/03\/Blanc-100x100.jpg","productImage":{"title":"Blanc","caption":"","url":"https:\/\/www.latelierdemichel.com\/wp-content\/uploads\/2021\/03\/Blanc.jpg","alt":"Blanc","src":"https:\/\/www.latelierdemichel.com\/wp-content\/uploads\/2021\/03\/Blanc-600x600.jpg","srcset":false,"sizes":"(min-width: 0px) and (max-width: 480px) 480px, (min-width: 481px) 600px, 100vw","full_src":"https:\/\/www.latelierdemichel.com\/wp-content\/uploads\/2021\/03\/Blanc.jpg","full_src_w":1280,"full_src_h":1280,"gallery_thumbnail_src":"https:\/\/www.latelierdemichel.com\/wp-content\/uploads\/2021\/03\/Blanc-100x100.jpg","gallery_thumbnail_src_w":100,"gallery_thumbnail_src_h":100,"thumb_src":"https:\/\/www.latelierdemichel.com\/wp-content\/uploads\/2021\/03\/Blanc-300x300.jpg","thumb_src_w":300,"thumb_src_h":300,"src_w":600,"src_h":600,"image_id":"2629"},"gt_translate_keys":["label"]},{"label":"Gris ardoise","price":"0","image":"https:\/\/www.latelierdemichel.com\/wp-content\/uploads\/2021\/03\/Gris-ardoise-1.jpg","image_id":"2732","thumb":"https:\/\/www.latelierdemichel.com\/wp-content\/uploads\/2021\/03\/Gris-ardoise-1-150x150.jpg","value":"2","thumb_src":"https:\/\/www.latelierdemichel.com\/wp-content\/uploads\/2021\/03\/Gris-ardoise-1-100x100.jpg","productImage":{"title":"Gris ardoise","caption":"","url":"https:\/\/www.latelierdemichel.com\/wp-content\/uploads\/2021\/03\/Gris-ardoise-1.jpg","alt":"Gris ardoise","src":"https:\/\/www.latelierdemichel.com\/wp-content\/uploads\/2021\/03\/Gris-ardoise-1-600x600.jpg","srcset":false,"sizes":"(min-width: 0px) and (max-width: 480px) 480px, (min-width: 481px) 600px, 100vw","full_src":"https:\/\/www.latelierdemichel.com\/wp-content\/uploads\/2021\/03\/Gris-ardoise-1.jpg","full_src_w":1280,"full_src_h":1280,"gallery_thumbnail_src":"https:\/\/www.latelierdemichel.com\/wp-content\/uploads\/2021\/03\/Gris-ardoise-1-100x100.jpg","gallery_thumbnail_src_w":100,"gallery_thumbnail_src_h":100,"thumb_src":"https:\/\/www.latelierdemichel.com\/wp-content\/uploads\/2021\/03\/Gris-ardoise-1-300x300.jpg","thumb_src_w":300,"thumb_src_h":300,"src_w":600,"src_h":600,"image_id":"2732"},"gt_translate_keys":["label"]},{"label":"Gris taupe","price":"0","image":"https:\/\/www.latelierdemichel.com\/wp-content\/uploads\/2021\/03\/Gris-taupe.jpg","image_id":"2733","thumb":"https:\/\/www.latelierdemichel.com\/wp-content\/uploads\/2021\/03\/Gris-taupe-150x150.jpg","value":"3","thumb_src":"https:\/\/www.latelierdemichel.com\/wp-content\/uploads\/2021\/03\/Gris-taupe-100x100.jpg","productImage":{"title":"Gris taupe","caption":"","url":"https:\/\/www.latelierdemichel.com\/wp-content\/uploads\/2021\/03\/Gris-taupe.jpg","alt":"Gris taupe","src":"https:\/\/www.latelierdemichel.com\/wp-content\/uploads\/2021\/03\/Gris-taupe-600x600.jpg","srcset":false,"sizes":"(min-width: 0px) and (max-width: 480px) 480px, (min-width: 481px) 600px, 100vw","full_src":"https:\/\/www.latelierdemichel.com\/wp-content\/uploads\/2021\/03\/Gris-taupe.jpg","full_src_w":1280,"full_src_h":1280,"gallery_thumbnail_src":"https:\/\/www.latelierdemichel.com\/wp-content\/uploads\/2021\/03\/Gris-taupe-100x100.jpg","gallery_thumbnail_src_w":100,"gallery_thumbnail_src_h":100,"thumb_src":"https:\/\/www.latelierdemichel.com\/wp-content\/uploads\/2021\/03\/Gris-taupe-300x300.jpg","thumb_src_w":300,"thumb_src_h":300,"src_w":600,"src_h":600,"image_id":"2733"},"gt_translate_keys":["label"]},{"label":"Rouge","price":"0","image":"https:\/\/www.latelierdemichel.com\/wp-content\/uploads\/2021\/03\/rouge.jpg","image_id":"2734","thumb":"https:\/\/www.latelierdemichel.com\/wp-content\/uploads\/2021\/03\/rouge-150x150.jpg","value":"4","thumb_src":"https:\/\/www.latelierdemichel.com\/wp-content\/uploads\/2021\/03\/rouge-100x100.jpg","productImage":{"title":"rouge","caption":"","url":"https:\/\/www.latelierdemichel.com\/wp-content\/uploads\/2021\/03\/rouge.jpg","alt":"rouge","src":"https:\/\/www.latelierdemichel.com\/wp-content\/uploads\/2021\/03\/rouge-600x600.jpg","srcset":false,"sizes":"(min-width: 0px) and (max-width: 480px) 480px, (min-width: 481px) 600px, 100vw","full_src":"https:\/\/www.latelierdemichel.com\/wp-content\/uploads\/2021\/03\/rouge.jpg","full_src_w":1280,"full_src_h":1280,"gallery_thumbnail_src":"https:\/\/www.latelierdemichel.com\/wp-content\/uploads\/2021\/03\/rouge-100x100.jpg","gallery_thumbnail_src_w":100,"gallery_thumbnail_src_h":100,"thumb_src":"https:\/\/www.latelierdemichel.com\/wp-content\/uploads\/2021\/03\/rouge-300x300.jpg","thumb_src_w":300,"thumb_src_h":300,"src_w":600,"src_h":600,"image_id":"2734"},"gt_translate_keys":["label"]}],"relations":false,"price":0,"active":true,"tooltip":"","layOut":"inline","gt_translate_keys":["label","tooltip"],"price_dependency":false,"cl_dependency":false,"value":""}]]}},"config":{"price_override":"","enable_recaptcha":false,"bind_quantity":false,"quantity_bind_formula":false,"disp_summ_show_option_price":true,"disp_summ_show_product_price":true,"disp_summ_show_total_price":true,"disp_summ_show_fee":false,"disp_summ_show_discount":false,"summary_title":"","options_total_label":"Options Price","total_label":"Total","options_product_label":"Product Price","fee_label":"Fee","discount_label":"Discount","has_price":true,"has_quantity_formula":false},"mc_unit":1,"tax_rate":1,"tax_rate_real":1,"discount":{"percentage":0,"fixed":0},"design":{"conf":{"LabelPosition":"above","DescPosition":"above","UploadField":"custom_1","QuantityFieldStyle":"default"},"css":{"LeftLabelWidth":"120px"}},"formulas":[],"lookuptables":[],"clones":false,"cartKey":false}},"_links":{"self":[{"href":"https:\/\/www.latelierdemichel.com\/index.php\/wp-json\/wp\/v2\/product\/1043","targetHints":{"allow":["GET"]}}],"collection":[{"href":"https:\/\/www.latelierdemichel.com\/index.php\/wp-json\/wp\/v2\/product"}],"about":[{"href":"https:\/\/www.latelierdemichel.com\/index.php\/wp-json\/wp\/v2\/types\/product"}],"wp:featuredmedia":[{"embeddable":true,"href":"https:\/\/www.latelierdemichel.com\/index.php\/wp-json\/wp\/v2\/media\/1044"}],"wp:attachment":[{"href":"https:\/\/www.latelierdemichel.com\/index.php\/wp-json\/wp\/v2\/media?parent=1043"}],"wp:term":[{"taxonomy":"product_brand","embeddable":true,"href":"https:\/\/www.latelierdemichel.com\/index.php\/wp-json\/wp\/v2\/product_brand?post=1043"},{"taxonomy":"product_cat","embeddable":true,"href":"https:\/\/www.latelierdemichel.com\/index.php\/wp-json\/wp\/v2\/product_cat?post=1043"},{"taxonomy":"product_tag","embeddable":true,"href":"https:\/\/www.latelierdemichel.com\/index.php\/wp-json\/wp\/v2\/product_tag?post=1043"}],"curies":[{"name":"wp","href":"https:\/\/api.w.org\/{rel}","templated":true}]}}