{"id":3761,"date":"2023-07-07T17:11:16","date_gmt":"2023-07-07T15:11:16","guid":{"rendered":"https:\/\/www.latelierdemichel.com\/?post_type=product&#038;p=3761"},"modified":"2023-07-07T18:17:29","modified_gmt":"2023-07-07T16:17:29","slug":"croix-en-bois-ecriture-jesus","status":"publish","type":"product","link":"https:\/\/www.latelierdemichel.com\/index.php\/produit\/croix-en-bois-ecriture-jesus\/","title":{"rendered":"Croix en bois \u00e9criture J\u00e9sus"},"content":{"rendered":"<p>Croix en bois naturel avec l&rsquo;\u00e9criture j\u00e9sus ,<\/p>\n<p>finition huil\u00e9e.<\/p>\n<p>Taille 15 cm de hauteur, 9 cm de largeur, 1.9cm \u00e9paisseur.<\/p>\n<p>Fabrication artisanale Fran\u00e7aise<\/p>\n","protected":false},"excerpt":{"rendered":"<p>Croix en bois naturel avec l&rsquo;\u00e9criture j\u00e9sus , finition huil\u00e9e. Taille 15 cm de hauteur, 9 cm de largeur, 1.9cm \u00e9paisseur. Fabrication artisanale Fran\u00e7aise<\/p>\n","protected":false},"featured_media":3757,"template":"","meta":{"_et_pb_use_builder":"","_et_pb_old_content":"","_et_gb_content_width":"","_monsterinsights_skip_tracking":false,"_monsterinsights_sitenote_active":false,"_monsterinsights_sitenote_note":"","_monsterinsights_sitenote_category":0},"product_brand":[],"product_cat":[81],"product_tag":[82,83],"class_list":{"0":"post-3761","1":"product","2":"type-product","3":"status-publish","4":"has-post-thumbnail","6":"product_cat-artisan-de-la-foi","7":"product_tag-croix-ecriture-jesus","8":"product_tag-croixecriturejesus","10":"first","11":"instock","12":"shipping-taxable","13":"purchasable","14":"product-type-simple"},"yoast_head":"<!-- This site is optimized with the Yoast SEO plugin v27.0 - https:\/\/yoast.com\/product\/yoast-seo-wordpress\/ -->\n<title>Croix en bois \u00e9criture J\u00e9sus - l&#039;atelier de michel<\/title>\n<meta name=\"description\" content=\"Croix en bois naturel avec l&#039;\u00e9criture j\u00e9sus , finition huil\u00e9e. Taille 15 cm de hauteur, 9 cm de largeur, 1.9cm \u00e9paisseur. Fabrication artisanale Fran\u00e7aise Bois naturel finition huil\u00e9e Touche de modernit\u00e9 pour votre int\u00e9rieur Travail artisanal Artisanat Fran\u00e7ais %\" \/>\n<meta name=\"robots\" content=\"index, follow, max-snippet:-1, max-image-preview:large, max-video-preview:-1\" \/>\n<link rel=\"canonical\" href=\"https:\/\/www.latelierdemichel.com\/index.php\/produit\/croix-en-bois-ecriture-jesus\/\" \/>\n<meta property=\"og:locale\" content=\"fr_FR\" \/>\n<meta property=\"og:type\" content=\"article\" \/>\n<meta property=\"og:title\" content=\"Croix en bois \u00e9criture J\u00e9sus - l&#039;atelier de michel\" \/>\n<meta property=\"og:description\" content=\"Croix en bois naturel avec l&#039;\u00e9criture j\u00e9sus , finition huil\u00e9e. Taille 15 cm de hauteur, 9 cm de largeur, 1.9cm \u00e9paisseur. Fabrication artisanale Fran\u00e7aise Bois naturel finition huil\u00e9e Touche de modernit\u00e9 pour votre int\u00e9rieur Travail artisanal Artisanat Fran\u00e7ais %\" \/>\n<meta property=\"og:url\" content=\"https:\/\/www.latelierdemichel.com\/index.php\/produit\/croix-en-bois-ecriture-jesus\/\" \/>\n<meta property=\"og:site_name\" content=\"l&#039;atelier de michel\" \/>\n<meta property=\"article:publisher\" content=\"https:\/\/www.facebook.com\/ponchel.emmanuel.menuiserie\/\" \/>\n<meta property=\"article:modified_time\" content=\"2023-07-07T16:17:29+00:00\" \/>\n<meta property=\"og:image\" content=\"https:\/\/www.latelierdemichel.com\/wp-content\/uploads\/2023\/07\/croix-ecriture-jesus.jpg\" \/>\n\t<meta property=\"og:image:width\" content=\"4000\" \/>\n\t<meta property=\"og:image:height\" content=\"6000\" \/>\n\t<meta property=\"og:image:type\" content=\"image\/jpeg\" \/>\n<meta name=\"twitter:card\" content=\"summary_large_image\" \/>\n<meta name=\"twitter:label1\" content=\"Dur\u00e9e de lecture estim\u00e9e\" \/>\n\t<meta name=\"twitter:data1\" content=\"1 minute\" \/>\n<script type=\"application\/ld+json\" class=\"yoast-schema-graph\">{\"@context\":\"https:\/\/schema.org\",\"@graph\":[{\"@type\":\"WebPage\",\"@id\":\"https:\/\/www.latelierdemichel.com\/index.php\/produit\/croix-en-bois-ecriture-jesus\/\",\"url\":\"https:\/\/www.latelierdemichel.com\/index.php\/produit\/croix-en-bois-ecriture-jesus\/\",\"name\":\"Croix en bois \u00e9criture J\u00e9sus - l&#039;atelier de michel\",\"isPartOf\":{\"@id\":\"https:\/\/www.latelierdemichel.com\/#website\"},\"primaryImageOfPage\":{\"@id\":\"https:\/\/www.latelierdemichel.com\/index.php\/produit\/croix-en-bois-ecriture-jesus\/#primaryimage\"},\"image\":{\"@id\":\"https:\/\/www.latelierdemichel.com\/index.php\/produit\/croix-en-bois-ecriture-jesus\/#primaryimage\"},\"thumbnailUrl\":\"https:\/\/www.latelierdemichel.com\/wp-content\/uploads\/2023\/07\/croix-ecriture-jesus.jpg\",\"datePublished\":\"2023-07-07T15:11:16+00:00\",\"dateModified\":\"2023-07-07T16:17:29+00:00\",\"description\":\"Croix en bois naturel avec l'\u00e9criture j\u00e9sus , finition huil\u00e9e. Taille 15 cm de hauteur, 9 cm de largeur, 1.9cm \u00e9paisseur. Fabrication artisanale Fran\u00e7aise Bois naturel finition huil\u00e9e Touche de modernit\u00e9 pour votre int\u00e9rieur Travail artisanal Artisanat Fran\u00e7ais %\",\"breadcrumb\":{\"@id\":\"https:\/\/www.latelierdemichel.com\/index.php\/produit\/croix-en-bois-ecriture-jesus\/#breadcrumb\"},\"inLanguage\":\"fr-FR\",\"potentialAction\":[{\"@type\":\"ReadAction\",\"target\":[\"https:\/\/www.latelierdemichel.com\/index.php\/produit\/croix-en-bois-ecriture-jesus\/\"]}]},{\"@type\":\"ImageObject\",\"inLanguage\":\"fr-FR\",\"@id\":\"https:\/\/www.latelierdemichel.com\/index.php\/produit\/croix-en-bois-ecriture-jesus\/#primaryimage\",\"url\":\"https:\/\/www.latelierdemichel.com\/wp-content\/uploads\/2023\/07\/croix-ecriture-jesus.jpg\",\"contentUrl\":\"https:\/\/www.latelierdemichel.com\/wp-content\/uploads\/2023\/07\/croix-ecriture-jesus.jpg\",\"width\":4000,\"height\":6000,\"caption\":\"croix en bois avec \u00e9criture j\u00e9sus\"},{\"@type\":\"BreadcrumbList\",\"@id\":\"https:\/\/www.latelierdemichel.com\/index.php\/produit\/croix-en-bois-ecriture-jesus\/#breadcrumb\",\"itemListElement\":[{\"@type\":\"ListItem\",\"position\":1,\"name\":\"Accueil\",\"item\":\"https:\/\/www.latelierdemichel.com\/\"},{\"@type\":\"ListItem\",\"position\":2,\"name\":\"Boutique\",\"item\":\"https:\/\/www.latelierdemichel.com\/index.php\/boutique\/\"},{\"@type\":\"ListItem\",\"position\":3,\"name\":\"Croix en bois \u00e9criture J\u00e9sus\"}]},{\"@type\":\"WebSite\",\"@id\":\"https:\/\/www.latelierdemichel.com\/#website\",\"url\":\"https:\/\/www.latelierdemichel.com\/\",\"name\":\"l&#039;atelier de michel\",\"description\":\"\",\"potentialAction\":[{\"@type\":\"SearchAction\",\"target\":{\"@type\":\"EntryPoint\",\"urlTemplate\":\"https:\/\/www.latelierdemichel.com\/?s={search_term_string}\"},\"query-input\":{\"@type\":\"PropertyValueSpecification\",\"valueRequired\":true,\"valueName\":\"search_term_string\"}}],\"inLanguage\":\"fr-FR\"}]}<\/script>\n<!-- \/ Yoast SEO plugin. -->","yoast_head_json":{"title":"Croix en bois \u00e9criture J\u00e9sus - l&#039;atelier de michel","description":"Croix en bois naturel avec l'\u00e9criture j\u00e9sus , finition huil\u00e9e. Taille 15 cm de hauteur, 9 cm de largeur, 1.9cm \u00e9paisseur. Fabrication artisanale Fran\u00e7aise Bois naturel finition huil\u00e9e Touche de modernit\u00e9 pour votre int\u00e9rieur Travail artisanal Artisanat Fran\u00e7ais %","robots":{"index":"index","follow":"follow","max-snippet":"max-snippet:-1","max-image-preview":"max-image-preview:large","max-video-preview":"max-video-preview:-1"},"canonical":"https:\/\/www.latelierdemichel.com\/index.php\/produit\/croix-en-bois-ecriture-jesus\/","og_locale":"fr_FR","og_type":"article","og_title":"Croix en bois \u00e9criture J\u00e9sus - l&#039;atelier de michel","og_description":"Croix en bois naturel avec l'\u00e9criture j\u00e9sus , finition huil\u00e9e. Taille 15 cm de hauteur, 9 cm de largeur, 1.9cm \u00e9paisseur. Fabrication artisanale Fran\u00e7aise Bois naturel finition huil\u00e9e Touche de modernit\u00e9 pour votre int\u00e9rieur Travail artisanal Artisanat Fran\u00e7ais %","og_url":"https:\/\/www.latelierdemichel.com\/index.php\/produit\/croix-en-bois-ecriture-jesus\/","og_site_name":"l&#039;atelier de michel","article_publisher":"https:\/\/www.facebook.com\/ponchel.emmanuel.menuiserie\/","article_modified_time":"2023-07-07T16:17:29+00:00","og_image":[{"width":4000,"height":6000,"url":"https:\/\/www.latelierdemichel.com\/wp-content\/uploads\/2023\/07\/croix-ecriture-jesus.jpg","type":"image\/jpeg"}],"twitter_card":"summary_large_image","twitter_misc":{"Dur\u00e9e de lecture estim\u00e9e":"1 minute"},"schema":{"@context":"https:\/\/schema.org","@graph":[{"@type":"WebPage","@id":"https:\/\/www.latelierdemichel.com\/index.php\/produit\/croix-en-bois-ecriture-jesus\/","url":"https:\/\/www.latelierdemichel.com\/index.php\/produit\/croix-en-bois-ecriture-jesus\/","name":"Croix en bois \u00e9criture J\u00e9sus - l&#039;atelier de michel","isPartOf":{"@id":"https:\/\/www.latelierdemichel.com\/#website"},"primaryImageOfPage":{"@id":"https:\/\/www.latelierdemichel.com\/index.php\/produit\/croix-en-bois-ecriture-jesus\/#primaryimage"},"image":{"@id":"https:\/\/www.latelierdemichel.com\/index.php\/produit\/croix-en-bois-ecriture-jesus\/#primaryimage"},"thumbnailUrl":"https:\/\/www.latelierdemichel.com\/wp-content\/uploads\/2023\/07\/croix-ecriture-jesus.jpg","datePublished":"2023-07-07T15:11:16+00:00","dateModified":"2023-07-07T16:17:29+00:00","description":"Croix en bois naturel avec l'\u00e9criture j\u00e9sus , finition huil\u00e9e. Taille 15 cm de hauteur, 9 cm de largeur, 1.9cm \u00e9paisseur. Fabrication artisanale Fran\u00e7aise Bois naturel finition huil\u00e9e Touche de modernit\u00e9 pour votre int\u00e9rieur Travail artisanal Artisanat Fran\u00e7ais %","breadcrumb":{"@id":"https:\/\/www.latelierdemichel.com\/index.php\/produit\/croix-en-bois-ecriture-jesus\/#breadcrumb"},"inLanguage":"fr-FR","potentialAction":[{"@type":"ReadAction","target":["https:\/\/www.latelierdemichel.com\/index.php\/produit\/croix-en-bois-ecriture-jesus\/"]}]},{"@type":"ImageObject","inLanguage":"fr-FR","@id":"https:\/\/www.latelierdemichel.com\/index.php\/produit\/croix-en-bois-ecriture-jesus\/#primaryimage","url":"https:\/\/www.latelierdemichel.com\/wp-content\/uploads\/2023\/07\/croix-ecriture-jesus.jpg","contentUrl":"https:\/\/www.latelierdemichel.com\/wp-content\/uploads\/2023\/07\/croix-ecriture-jesus.jpg","width":4000,"height":6000,"caption":"croix en bois avec \u00e9criture j\u00e9sus"},{"@type":"BreadcrumbList","@id":"https:\/\/www.latelierdemichel.com\/index.php\/produit\/croix-en-bois-ecriture-jesus\/#breadcrumb","itemListElement":[{"@type":"ListItem","position":1,"name":"Accueil","item":"https:\/\/www.latelierdemichel.com\/"},{"@type":"ListItem","position":2,"name":"Boutique","item":"https:\/\/www.latelierdemichel.com\/index.php\/boutique\/"},{"@type":"ListItem","position":3,"name":"Croix en bois \u00e9criture J\u00e9sus"}]},{"@type":"WebSite","@id":"https:\/\/www.latelierdemichel.com\/#website","url":"https:\/\/www.latelierdemichel.com\/","name":"l&#039;atelier de michel","description":"","potentialAction":[{"@type":"SearchAction","target":{"@type":"EntryPoint","urlTemplate":"https:\/\/www.latelierdemichel.com\/?s={search_term_string}"},"query-input":{"@type":"PropertyValueSpecification","valueRequired":true,"valueName":"search_term_string"}}],"inLanguage":"fr-FR"}]}},"jetpack_sharing_enabled":true,"wcpa_form_fields":null,"_links":{"self":[{"href":"https:\/\/www.latelierdemichel.com\/index.php\/wp-json\/wp\/v2\/product\/3761","targetHints":{"allow":["GET"]}}],"collection":[{"href":"https:\/\/www.latelierdemichel.com\/index.php\/wp-json\/wp\/v2\/product"}],"about":[{"href":"https:\/\/www.latelierdemichel.com\/index.php\/wp-json\/wp\/v2\/types\/product"}],"wp:featuredmedia":[{"embeddable":true,"href":"https:\/\/www.latelierdemichel.com\/index.php\/wp-json\/wp\/v2\/media\/3757"}],"wp:attachment":[{"href":"https:\/\/www.latelierdemichel.com\/index.php\/wp-json\/wp\/v2\/media?parent=3761"}],"wp:term":[{"taxonomy":"product_brand","embeddable":true,"href":"https:\/\/www.latelierdemichel.com\/index.php\/wp-json\/wp\/v2\/product_brand?post=3761"},{"taxonomy":"product_cat","embeddable":true,"href":"https:\/\/www.latelierdemichel.com\/index.php\/wp-json\/wp\/v2\/product_cat?post=3761"},{"taxonomy":"product_tag","embeddable":true,"href":"https:\/\/www.latelierdemichel.com\/index.php\/wp-json\/wp\/v2\/product_tag?post=3761"}],"curies":[{"name":"wp","href":"https:\/\/api.w.org\/{rel}","templated":true}]}}